 5. What is b(-6)?
11
Let n(i) = 7 - 5*i + 2*i**2 - 5*i + 2 + 3*i - i**2. Calculate n(6).
3
Let x(i) be the second derivative of i**4/24 + 3*i**3/2 - 3*i**2/2 + 45*i + 2. Let c(v) be the first derivative of x(v). Calculate c(-5).
4
Let d(z) be the third derivative of 5/24*z**4 + 1/3*z**3 + 0*z + 1/60*z**5 + 0 - 17*z**2. What is d(-5)?
2
Let m(j) = -13*j + 1. Let k(b) = -3*b. Let g(s) = 9*k(s) - 2*m(s). Let p be (-1)/34 - (-12154)/4012. What is g(p)?
-5
Let s(j) = -2*j**3 - 326*j**2 - 2*j - 331. Let x be s(-163). Let i(u) = -7*u - 1. Determine i(x).
34
Let q(h) = 3*h - 2. Suppose 9*l + 78 - 204 = 0. Suppose -44 = l*n - 3*n. Determine q(n).
-14
Let x(s) = 3 - 3*s + 29 - 27. Let v = -9 - -3. What is x(v)?
23
Let b(u) = -u**2 - 9*u + 5. Let q(c) = 4*c + 51. Let t be (6/10)/((-6)/150). Let y be q(t). Give b(y).
5
Let t be (13 - -2) + -13 + 2 + -3. Let q(m) = 2*m**2 - 24*m + 24. Give q(t).
2
Let z = -234 + 474. Let j = z - 236. Let w(n) = 5*n - 5. Give w(j).
15
Let s(k) be the second derivative of -k**3/6 + 29*k**2/2 - 2*k - 451. Determine s(31).
-2
Let l(z) = -z**3 + 8*z**2 + 10. Let m(x) = 2*x**2 - 40*x + 33. Let c be m(29). Let b = c - 547. Calculate l(b).
10
Let c(l) = -251*l + 33. Let a(q) = -215*q + 32. Let i(r) = 7*a(r) - 6*c(r). What is i(-15)?
11
Suppose -5*l = 4*b - 30, 0 = 3*l + 7 - 1. Let k(t) = -4*t**2 + 37*t + 33. Give k(b).
3
Let q(n) be the third derivative of n**6/120 - n**5/60 - n**4/6 + n**3/3 + 5*n**2. Let k = 3 - -2. Suppose k*m = -10, -2*p - 2*m = 4 - 6. Determine q(p).
8
Let v(y) = 3 + y**2 - 7*y - 2*y + 12*y + 0*y. Let w = -87 - -90. What is v(w)?
21
Let p(c) = -509*c + 22 + 508*c - 5858*c**2 + 5859*c**2. Suppose 0 = 9*a - 12*a. Determine p(a).
22
Let s(g) be the third derivative of -1/12*g**4 + 15*g**2 - 1 + 0*g - 1/30*g**5 + 1/3*g**3. What is s(-3)?
-10
Let v(p) = p**3 - 3*p**2 - 4*p + 10. Let w be v(4). Suppose -4*x - w = -18. Let d(u) be the third derivative of -u**5/30 - u**3/6 + 23*u**2 + 4. Determine d(x).
-9
Let k = -36 - -86. Let x = 52 - k. Let i(g) = -g**2 + 5*g + x*g + 0*g - g**3 - 8*g. What is i(0)?
0
Let f be 1 - (9 - 7)*-1. Suppose 5*b - 10 = -f*l, b + 2*l - 6 = -2*b. Let t(c) = 2*c**3 - 4*c**2 + 2*c. What is t(b)?
4
Let l(w) = w**3 + 5*w**2 - 2*w - 24. Let f(y) = -y**3 - 6*y**2 + 2*y + 39. Let s(h) = -2*f(h) - 3*l(h). Give s(-5).
34
Let h(b) = 5*b**2 + 2*b + 1. Let w(c) = c**2 - 39*c - 82. Let f be w(41). Suppose -7 - 15 = -2*j. Suppose f*r + 5*d = 2*r + 22, 2*d - j = 3*r. Give h(r).
4
Let s(h) = -12*h**3 - h**2 + 11*h**3 + 32 - 19*h**2 + 4*h + 31*h**2. Calculate s(11).
76
Let u be (-18)/(-252)*144 + (-32)/14 + 2. Let w(j) = -j**2 + j + 83. What is w(u)?
-7
Suppose -4*z - 18 = 3*f, 3*z + 19 = 10. Let m(j) = 10*j + 10. Let g be m(f). Let c(y) = -y - 4. What is c(g)?
6
Let o(d) = -d**2 - 10*d + 12. Let y = -229 - -239. Suppose -5*w + l - 43 = y, 4*w = 3*l - 38. Give o(w).
1
Let q(c) be the first derivative of -c**4 - c**3/3 - c**2 - c - 1. Suppose -3*y + 263 = -28. Suppose 6 = -y*o + 91*o. Calculate q(o).
4
Let x(u) = -u**2 - 15*u + 12. Let t be 2200/350 + (-4)/14. Let d be (t - 12) + 2 - 12. Calculate x(d).
-4
Suppose 8*z - 8 = 6*z. Let d(n) be the second derivative of n**4/12 - 7*n**3/6 + 7*n**2/2 + 36*n. What is d(z)?
-5
Let b(s) = s**2 + 44*s + 196. Suppose 43*k = 3*f + 44*k + 118, 4*k = -3*f - 121. Calculate b(f).
1
Let l(v) = -406*v**3 + 1 - 399*v**3 - 403*v**3 + 7*v**2 + 7*v + 1209*v**3. What is l(-5)?
16
Let m(j) be the first derivative of -j**6/120 - 3*j**5/20 - j**4/8 - 13*j**3/6 - j**2/2 + 18*j - 100. Let i(d) be the second derivative of m(d). What is i(-9)?
14
Let h(j) = 149*j - 151*j - 691 + 727. What is h(7)?
22
Let m(v) = -v - 4. Suppose -11*t = 37 - 180. Let a(q) = q**3 - 13*q**2 + 3*q - 44. Let s be a(t). Give m(s).
1
Let p = 3728 + -3722. Let z(d) be the third derivative of 1/10*d**5 + p*d**2 - 1/12*d**4 - 1/6*d**3 + 0 + 0*d. Calculate z(-1).
7
Let z(l) = -18*l + 20. Let m be z(-2). Suppose -4*h = -18*h + m. Let r(s) = h + s - 2 + 5 - 11. Calculate r(9).
5
Suppose 0 = -p + 5*n + 33, 3*n - 7*n + 175 = 3*p. Suppose -5*h + s = p, h + h = 3*s - 29. Let j(r) = -r**2 - 7*r - 3. Calculate j(h).
-33
Let y be (27/(-6))/((-2)/8*2). Let t = -6 + y. Let x(z) = -17*z**t - 20*z**3 + 36*z**3. Give x(-1).
1
Let m(y) = 36*y - 39. Let f(s) = 7*s - 8. Let t(j) = 21*f(j) - 4*m(j). Let q be (-7 - 8)*(10/6 + -2). Give t(q).
3
Let r(n) = n**3 - 14*n**2 + 12*n + 17. Let b be r(13). Let i(g) = -2*g**2 + 2*g - 3. Let q(d) = 6*d**2 - 6*d + 10. Let x(z) = 16*i(z) + 5*q(z). What is x(b)?
-22
Let x(z) be the second derivative of -z**5/60 + z**4/8 + 3*z**3/2 - 3*z**2 - z - 42. Let l(r) be the first derivative of x(r). Give l(4).
5
Let a be 4*(495/(-44) - -10). Let g(p) = -8*p - 35. Give g(a).
5
Let x(f) be the third derivative of -f**6/120 + f**5/15 - f**4/8 - 2*f**3/3 + 1354*f**2. Determine x(4).
-16
Let k(j) = j**3 - 21*j**2 + 20*j + 7. Let f be k(20). Let m(i) = 6*i - 2*i + 1 + 3*i - 3007*i**2 + 3004*i**2 - f. Give m(4).
-26
Let p(h) = -5*h + 3. Let u(j) = -4*j + 12. Let c be u(5). Let v be c + 6 - (-2 - 0). Suppose v = 4*a - 6*a + 8. Calculate p(a).
-17
Let m(q) = q**3 + 3*q**2 + 2*q + 3. Let t = -2128 + 1415. Let a = t + 710. Give m(a).
-3
Suppose -15 = 3*h + 3*k, 0 = -3*h - 5*k - 18 - 5. Let j be (-55 + 10)*h/(-3 + 2). Let n be (21/(-14))/(j/(-16) - 3). Let f(g) = g**2 - 10*g. What is f(n)?
-16
Let q be ((-8)/6 + (-50)/(-30))*-27. Let t(g) be the third derivative of g**6/120 + 2*g**5/15 - 5*g**4/12 - 3*g**3/2 - g**2. Give t(q).
0
Let x = -288 - -279. Let s(t) = -2*t**3 - 7*t**2 + 9*t - 5. Let d(w) = w**3 + 4*w**2 - 4*w + 3. Let b(m) = x*d(m) - 4*s(m). Give b(-8).
-7
Let g(o) = -7*o**2 - 52*o - 16. Let v(c) = 223*c - 4021. Let w be v(18). Give g(w).
5
Let s be (-14022)/54 - 8/6. Let r = -267 - s. Let o(q) = q + 5. Give o(r).
-1
Let t(r) = -r**2 + 13*r - 22. Suppose 863 = -122*f + 2205. Give t(f).
0
Let p = 6113 + -6100. Let n(m) = -m + 29. What is n(p)?
16
Let s(f) = 3560*f + 5 - 3557*f + 2*f**2 - 3*f**2. What is s(4)?
1
Let y(c) = c**3 + 4*c**2 - 4*c - 11. Let f = 8501 - 8506. Give y(f).
-16
Let p(u) = -2*u**3 - 8*u**2 + 4. Suppose 14 = -q + 5*d, -1 + 7 = 3*d. Let a be p(q). Let h(w) = -w**3 + 2*w**2 + 6*w - 5. Calculate h(a).
-13
Let n(w) be the second derivative of -w**5/20 - w**4/4 - 11*w**3/6 - 33*w**2/2 + 3223*w. Give n(-3).
0
Suppose 96 = 4*o + 88. Let z(g) = 0*g**3 - 19*g**2 + 21*g**o + 2*g**3 + 7 + 3*g - 4. Determine z(-3).
-42
Let o(u) = -u**3 + 3*u**2 - 2*u + 3. Suppose -5*q + 30 = -3*x, 0 = -0*q + 4*q - 5*x - 24. Let j be (-2)/(-4) + (-19)/(-2). Suppose -q*z = -z - j. What is o(z)?
3
Let m(i) = 3*i - 1. Let c(d) = -d + 25. Let b be c(21). Let n(s) = -2*s + 16. Let z be n(b). Let a be 48/(-26) + 0 + z/(-52). Calculate m(a).
-7
Let r = 104 - 105. Let p(g) = -6*g**3 - 2*g**2 + 2*g + 3. Let h be p(r). Let o(f) = 2*f - 12. Give o(h).
-2
Let q = -258 - -260. Let l(n) = 37 - 4*n**q + 33 - 68 - 3*n. Determine l(-3).
-25
Let q = -11 + -2. Suppose -61*c = -91*c + 540. Let l = c + q. Let m(n) = -n**2 + 6*n - 5. What is m(l)?
0
Let k(n) = n**3 - 7*n**2 + 3*n + 16. Let g(o) = 5*o**3 - 35*o**2 + 16*o + 75. Let h(z) = 2*g(z) - 11*k(z). Determine h(6).
4
Let x(h) = -108202*h + 54100*h - h**2 + 54096*h + 3. Let q be -8 + -4 + 4 + 2. Determine x(q).
3
Let m(r) = r**3 + 9*r**2 - 20*r + 16. Let d be m(-11). Let v be ((-18)/27)/(2/d). Let i(f) = 2*f**2 + 3*f - 2. Determine i(v).
12
Let a be (45/(-6))/(-5)*1564/1173. Let r(g) be the second derivative of 0*g**3 + 1/12*g**4 + 21*g + 15/2*g**a + 0. What is r(0)?
15
Let y(r) = 17 - 30*r + 148*r - 2*r**2 - 119*r. What is y(0)?
17
Let y(d) = 163 - 88 - 3*d - 80. Suppose -30 = -3*h - 3*h. Suppose h*o = -3 - 22. Calculate y(o).
10
Suppose 212 = -c - c. Let n = c + 76. Let b = n - -25. Let y(q) = 2*q + 6. Give y(b).
-4
Let a(b) = b**3 + b**2 + 1. Let v(l) = -4*l**3 - 2*l**2 - l + 20. Let j(q) = 3*a(q) + v(q). Suppose -3702*g = -3620*g. Calculate j(g).
23
Let w(k) be the first derivative of 2*k**3/3 + 3*k**2/2 + 3*k - 1630. Calculate w(4).
47
Let z(v) = 13*v - 212. Let y(q) = -24*q + 445. Let t(b) = 3*y(b) + 7*z(b). Determine t(8).
3
Suppose -18*f = -21 - 15. Let t(g) = -2*g**f - 8*g**2 - 3*g**2 + 7*g**2. Determine t(1).
-6
Let c(u) = 2*u**2 + u - 1. Let y(b) = 41*b + 615. Let l be y(